. Let z be v(5). What is the hundreds digit of 100/(z - -9)*232/5?
4
Let z be ((-9)/(-15))/(5/50). Suppose -3*g + z*g = -2*j + 113, -j + 61 = 3*g. Let q = j + 81. What is the units digit of q?
3
Suppose -17*f = 29*f - 230. Let g(w) = 11*w**2 - w - 22. What is the units digit of g(f)?
8
Let d = -1816 + -1674. What is the hundreds digit of 9/12*2*d/(-15)?
3
Let k be (15/20 + (-34)/(-8))/1. Suppose g + 5 = y + 46, -k*g = 3*y + 107. Let o = y + 131. What is the units digit of o?
2
What is the units digit of (4 + -8 + 119 - -6)*86?
6
Let g(p) = -p**3 + 7*p**2 - p + 5. Let k be g(5). Suppose -k = r - 3*r. What is the units digit of r?
5
Suppose -812275 = -165*b + 140*b. What is the tens digit of b?
9
Let c be (-30 + 9)/((-3)/1). Suppose -2*x - 555 = -c*x. Suppose -8*o - x = -311. What is the units digit of o?
5
Let m(c) = 2*c**3 - 5*c**2 + 14*c - 3. Let j(d) = -3*d**3 + 8*d**2 - 14*d + 4. Let x(n) = -3*j(n) - 4*m(n). What is the tens digit of x(8)?
4
Let k(m) = -m**3 - 9*m**2 - m - 3. Let d be k(-9). Let f(o) = 3*o**3 - 2*o**2 - 37*o - 5. What is the tens digit of f(d)?
4
Suppose -5*l + 185 = 5*p, -4*l - 4*p + 147 = p. Suppose l = -7*u + 1634. What is the units digit of u?
8
Suppose -1474 - 461 = -15*s. What is the tens digit of s?
2
What is the thousands digit of (-1 - -2257)*189/42?
0
Let j = -6345 + 10526. What is the hundreds digit of j?
1
Let t be (-3 + (-78)/(-18))/(4/18). Let p(m) = 32*m - 16*m + t - 20*m + 4*m**2 + m**3. What is the tens digit of p(-4)?
2
Let y(x) = -80*x + 9. Let t be y(-3). Let u = 620 - t. What is the hundreds digit of u?
3
Suppose -23*m + 385 = -18*m. Suppose 147 = 4*f - m. Let a = f - -5. What is the units digit of a?
1
Let h be 12*-8*(-1)/16. Suppose 942 = 2*k + h*d - 2*d, -4*d - 2397 = -5*k. What is the hundreds digit of k?
4
Let m be (-630)/(-77) + -4*(-3)/(-66). Suppose -1114 = m*o - 3706. What is the tens digit of o?
2
Let o = 39 + -35. Suppose o*g + 4*n - 61 = 3*g, -4*n = 5*g - 369. Suppose -b + 0*s + g = -s, 266 = 3*b + 4*s. What is the units digit of b?
2
Suppose 3*k - 2 - 43 = 0. Suppose 2*i = s - 15, 5*s = 4*s - 3*i + k. What is the hundreds digit of s/((-1)/60*-5)?
1
Let z(s) = 8*s - 6. Let a(y) = -17*y + 11. Let o(t) = 2*a(t) + 5*z(t). Let c be o(5). Suppose -g + 34 - c = 0. What is the units digit of g?
2
Suppose -11*c + 657756 = 21*c - 21*c. What is the units digit of c?
6
Suppose -2*s = -6, 2*s + 33 - 99 = -2*c. Suppose -t = 2*q - 533, -t - 235 = -q + c. What is the tens digit of q?
6
Let c = 19216 + -13018. What is the units digit of c?
8
Let r(b) = 993*b**3 + 5*b**2 - 16*b + 4. What is the tens digit of r(4)?
7
Suppose 0 = -3*n - 5*d + 180, 5*d = -3*n - n + 240. Let r = n - 55. Suppose 225 = -r*u + 940. What is the hundreds digit of u?
1
Let z = 145 - 142. Suppose 5*y - z*y - 332 = 0. What is the units digit of y?
6
Suppose 12*m + 2 = 14*m. Let i(x) be the third derivative of x**6/6 + x**5/30 + x**4/24 - x**3/3 - 3*x**2. What is the units digit of i(m)?
1
Suppose -a + 4*a + 3*o - 261 = 0, 3*a - o - 253 = 0. Suppose -2*w - 379 = a. What is the tens digit of ((-9)/6)/(6/w)?
5
Suppose 308*u + 1386618 - 5080638 = 88*u. What is the units digit of u?
1
Let o(r) = -r**3 + 6*r**2 + r - 2. Let s be o(7). Let y = s - -36. What is the tens digit of (-15)/20 - 198/y?
2
Let v = -29 + 41. Suppose v*o = 4*o + 4544. Suppose -5*t + o - 193 = 0. What is the tens digit of t?
7
Suppose -23*w + 20*w = -1635. Let v = 953 - w. Let k = -230 + v. What is the hundreds digit of k?
1
Suppose 0 = -41*k + 38*k + 5*g + 6782, -11365 = -5*k - 4*g. What is the hundreds digit of k?
2
What is the hundreds digit of 280/105*703563/56?
5
Let k(m) = -36*m**3 - 5*m + 4. Let b be k(1). Let f = 112 + b. Suppose q - f = -4*o, q + 2*q = -o + 181. What is the tens digit of q?
5
Let s(l) = 3*l**2 + 67*l + 133. Let u(i) = i**2 + 22*i + 44. Let p(h) = -2*s(h) + 7*u(h). Let c be p(-10). What is the tens digit of 1 - (3 + c) - 5?
5
What is the tens digit of (-117313)/28*-4 + 5?
6
Let q(y) = 2*y - 27. Let o be q(13). Let g be (o - -1)/((-2)/(-2)). Suppose t - 20 - 78 = g. What is the tens digit of t?
9
Suppose 7505 = 63*g - 240400. What is the hundreds digit of g?
9
Let d = 2 - -1. Suppose -22*q + 5*c = -25*q + 18, -4*c = q + 1. Let y = d + q. What is the units digit of y?
4
Let v = -124 + 361. Suppose c - 135 = v. What is the tens digit of 2/3 - c/(-36)?
1
Suppose 0 = 43*m - 72*m + 314418. What is the units digit of m?
2
Let a = -21 + -2. Let r(d) = -d**3 - 23*d**2 - 20*d + 1. What is the hundreds digit of r(a)?
4
Let p = 332 - 34. Let h = -200 + p. Let r = -25 + h. What is the units digit of r?
3
Let t be -95*2/5*(-140)/70. Suppose -5*k + 497 + 103 = 0. Let o = k - t. What is the tens digit of o?
4
Suppose -109*s - 23230 = -119*s. Suppose 0 = 2*y + 10, -5*f + f - 5*y = -s. What is the tens digit of f?
8
Suppose -2*p - 5*s = -23, 6*s = -4*p + 5*s + 55. Suppose 4 = -b, 2*b + 162 = p*r - 13*r. What is the units digit of r?
4
Suppose -2*w = -7*w - 20. Let h be w - -20 - (-1)/(-1). Let a = 60 - h. What is the units digit of a?
5
Let f be (-12 + 10 - -7)*2906/5. Suppose 0 = -2*j - 50 + f. What is the tens digit of j?
2
Let l(z) = 4*z**2 - 191*z - 2*z**2 + 105*z - 6 + 99*z - z**2. Suppose 3*i - 16 = 2*o + 11, 20 = -4*i. What is the units digit of l(o)?
2
Let u = 7770 - 3503. What is the thousands digit of u?
4
Let v be (-98)/(-21) - 1 - 2/3. Let m be (v - -1)/((-2)/2) + 4. Suppose m = -10*l + 2*l + 376. What is the units digit of l?
7
Let b(w) = -w**3 - 51*w**2 + 81*w + 262. What is the hundreds digit of b(-54)?
6
Let t(u) = -2*u - 21. Let l be t(-13). Let x(k) = 14*k**2 - 11*k + 48. What is the tens digit of x(l)?
4
Suppose -4985 - 1623 = 7*a. Let z = a + 1464. What is the hundreds digit of z?
5
Suppose 3*v = 5*h - 164, -2*h = -v - 4*h - 40. Let u = 93 + v. Let o = -21 + u. What is the tens digit of o?
2
Suppose -5*d + 196 = -2*o, -2*o - 3*o - 15 = 0. Suppose -3*m - 4*z - d = -0*z, 16 = -2*m - 5*z. What is the tens digit of 291*(2 - 4)*3/m?
9
Let r be 70371/77 + 2/22. Let k = r - 523. What is the units digit of k?
1
Suppose -836 + 1486 = i. Suppose -i*z - 6642 = -659*z. What is the hundreds digit of z?
7
Let g be (-2)/3 + (-1)/((-3)/(-55)). Let y(b) = 2*b + 16. Let c be y(g). Let v = 46 - c. What is the units digit of v?
8
What is the tens digit of 27/12 + (-457677)/(-44) + 8?
1
Let d = 503 + -499. Suppose d*c = -16, v = 4*c + 68 + 900. What is the units digit of v?
2
Let i be 2/((-6)/9) - -636. Let y = 1018 - i. What is the tens digit of y?
8
Let f(m) = -156*m**2 - 9*m + 18. Let c be f(10). What is the hundreds digit of (-2)/9 - c/54?
2
Let t(n) = -5*n - 149. Let l be t(18). Suppose -2*c = 3*h - 0*c + 265, 3*h + 263 = -4*c. Let m = h - l. What is the tens digit of m?
5
Suppose 82 = -12*u - 14. Let r(s) = -7*s - 11 - 21*s + 8*s - 15*s. What is the tens digit of r(u)?
6
Suppose 6*w = 155*w + 118*w - 3771909. What is the tens digit of w?
2
Let g be 0/(7 + (8 - 14)). Suppose g = 3*l + h - 815 - 645, -4*l + 1964 = -3*h. What is the hundreds digit of l?
4
Suppose -2*d - 4*s + 2*s = -190, -2*d + 4*s + 214 = 0. Let o = d - 111. What is the tens digit of (-1)/(-4) - 825/o?
6
Suppose 287*m - 322*m = -514465. What is the ten thousands digit of m?
1
Suppose -95*u = -101*u - 30. What is the tens digit of 11 + u + 2 + 96?
0
Let q(b) = b**3 + 17*b**2 + 28*b + 29. Let d be q(-16). Let r = -88 - d. What is the units digit of r?
5
Suppose 8*u = 42*u - 34. What is the tens digit of (4 - (1 + u)) + 649?
5
Let w(p) = -p**3 - 2*p**2 + 4*p + 1060. Let z be w(0). Suppose -5*k + 5*s + 1365 = -4035, k - 5*s = z. What is the units digit of k?
5
Suppose -8*l = -7*l - 3. Suppose -l*d + 27 = 3*w, 0*w + 2*w - 6 = 0. Suppose 0 = d*n - 2*n - 108. What is the tens digit of n?
2
What is the tens digit of (133176/20 - -6)/((-24)/(-60))?
6
What is the units digit of (-5 - 339)/(-4)*2/(2/267)?
2
Let l(s) = -2*s**2 + 35*s + 25. Let v be l(18). Suppose -c - 111 = -j, 2*c = v*c + j + 573. Let h = c + 204. What is the tens digit of h?
9
Suppose 2*f - 15000 = 5*h, 8*h - 5*h - 30052 = -4*f. What is the tens digit of f?
1
Let o(b) = b**2 - 9*b - 23. Let j be o(14). Let z = -29 + j. Suppose 22*c = z*c + 472. What is the units digit of c?
8
Let p = -7 + 10. Suppose -2*h - 5 = -p*h + 5*q, -4*h - 3*q